f 13057712?
3
What is the hundred thousands digit of 6839246?
8
What is the millions digit of 14178422?
4
What is the hundred thousands digit of 505623?
5
What is the tens digit of 221307?
0
What is the hundreds digit of 1703092?
0
What is the units digit of 1714238?
8
What is the hundreds digit of 3731045?
0
What is the units digit of 1531222?
2
What is the thousands digit of 2849404?
9
What is the ten thousands digit of 109982?
0
What is the tens digit of 1706373?
7
What is the units digit of 3442586?
6
What is the units digit of 10566145?
5
What is the tens digit of 922253?
5
What is the units digit of 8185056?
6
What is the ten thousands digit of 41369594?
6
What is the ten thousands digit of 592947?
9
What is the units digit of 370646?
6
What is the tens digit of 232837?
3
What is the hundreds digit of 151998?
9
What is the millions digit of 2178286?
2
What is the millions digit of 1470047?
1
What is the millions digit of 2076062?
2
What is the hundreds digit of 4874377?
3
What is the thousands digit of 7789879?
9
What is the millions digit of 9736248?
9
What is the thousands digit of 3243067?
3
What is the hundreds digit of 6210?
2
What is the hundreds digit of 29483797?
7
What is the hundreds digit of 5379?
3
What is the hundreds digit of 2626255?
2
What is the thousands digit of 701938?
1
What is the hundred thousands digit of 1741975?
7
What is the hundred thousands digit of 914679?
9
What is the ten thousands digit of 179815?
7
What is the hundreds digit of 583638?
6
What is the ten thousands digit of 151753?
5
What is the millions digit of 24798218?
4
What is the hundred thousands digit of 858382?
8
What is the hundreds digit of 311947?
9
What is the millions digit of 39172540?
9
What is the thousands digit of 60902?
0
What is the hundred thousands digit of 129710?
1
What is the thousands digit of 4997997?
7
What is the units digit of 3807641?
1
What is the ten thousands digit of 1254024?
5
What is the ten millions digit of 13615441?
1
What is the hundred thousands digit of 439816?
4
What is the tens digit of 454377?
7
What is the units digit of 709606?
6
What is the hundreds digit of 331908?
9
What is the millions digit of 13148744?
3
What is the thousands digit of 214111?
4
What is the thousands digit of 2154595?
4
What is the millions digit of 3240867?
3
What is the thousands digit of 953671?
3
What is the tens digit of 168293?
9
What is the ten thousands digit of 194783?
9
What is the ten thousands digit of 114709?
1
What is the tens digit of 10706002?
0
What is the tens digit of 340610?
1
What is the millions digit of 2837414?
2
What is the hundred thousands digit of 106041?
1
What is the hundred thousands digit of 228776?
2
What is the ten thousands digit of 16366442?
6
What is the hundred thousands digit of 181473?
1
What is the hundreds digit of 20494?
4
What is the thousands digit of 6625455?
5
What is the hundred thousands digit of 711142?
7
What is the hundred thousands digit of 14568101?
5
What is the ten thousands digit of 2965571?
6
What is the thousands digit of 809176?
9
What is the millions digit of 1819598?
1
What is the thousands digit of 7984217?
4
What is the thousands digit of 20303?
0
What is the millions digit of 33203130?
3
What is the thousands digit of 84101?
4
What is the ten thousands digit of 192215?
9
What is the hundreds digit of 38837?
8
What is the tens digit of 5644308?
0
What is the tens digit of 442095?
9
What is the ten millions digit of 20946262?
2
What is the ten thousands digit of 4612810?
1
What is the ten thousands digit of 1950488?
5
What is the hundreds digit of 166018?
0
What is the units digit of 3298736?
6
What is the ten thousands digit of 90835?
9
What is the ten thousands digit of 282564?
8
What is the thousands digit of 317005?
7
What is the hundreds digit of 3454584?
5
What is the millions digit of 12534390?
2
What is the hundreds digit of 8493?
4
What is the ten thousands digit of 1389674?
8
What is the millions digit of 3297155?
3
What is the thousands digit of 246931?
6
What is the tens digit of 11256972?
7
What is the millions digit of 20627903?
0
What is the tens digit of 158268?
6
What is the thousands digit of 1535689?
5
What is the thousands digit of 6225636?
5
What is the hundred thousands digit of 1485095?
4
What is the thousands digit of 2357048?
7
What is the millions digit of 2134573?
2
What is the thousands digit of 7090046?
0
What is the thousands digit of 1119598?
9
What is the millions digit of 6039896?
6
What is the ten thousands digit of 16983?
1
What is the units digit of 18202?
2
What is the millions digit of 21258705?
1
What is the thousands digit of 8126069?
6
What is the hundreds digit of 70564?
5
What is the hundred thousands digit of 2213080?
2
What is the hundred thousands digit of 1870490?
8
What is the thousands digit of 734560?
4
What is the thousands digit of 4942435?
2
What is the units digit of 1155213?
3
What is the ten thousands digit of 167605?
6
What is the thousands digit of 3404606?
4
What is the thousands digit of 223504?
3
What is the tens digit of 2471944?
4
What is the hundred thousands digit of 1877423?
8
What is the thousands digit of 3574700?
4
What is the units digit of 472911?
1
What is the tens digit of 206451?
5
What is the thousands digit of 485087?
5
What is the hundred thousands digit of 385201?
3
What is the ten thousands digit of 318618?
1
What is the units digit of 7107942?
2
What is the ten thousands digit of 1475731?
7
What is the hundred thousands digit of 317675?
3
What is the millions digit of 4541315?
4
What is the ten thousands digit of 727587?
2
What is the hundred thousands digit of 122419?
1
What is the hundreds digit of 803987?
9
What is the thousands digit of 943548?
3
What is the ten thousands digit of 110210?
1
What is the ten thousands digit of 133824?
3
What is the ten thousands digit of 204137?
0
What is the ten thousands digit of 971413?
7
What is the thousands digit of 130584?
0
What is the ten thousands digit of 847536?
4
What is the hundreds digit of 611290?
2
What is the tens digit of 1558057?
5
What is the millions digit of 16866481?
6
What is the thousands digit of 629690?
9
What is the units digit of 7124412?
2
What is the hundreds digit of 1206571?
5
What is the ten thousands digit of 1985611?
8
What is the millions digit of 10086627?
0
What is the millions digit of 16495417?
6
What is the hundreds digit of 151621?
6
What is the millions digit of 11069922?
1
What is the thousands digit of 64887?
4
What is the millions digit of 24375966?
4
What is the tens digit of 6358558?
5
What is the thousands digit of 1712643?
2
What is the ten thousands digit of 7800417?
0
What is the hundred thousands digit of 3342423?
3
What is the thousands digit of 228972?
8
What is the ten thousands digit of 949380?
4
What is the hundred thousands digit of 3064614?
0
What is the hundred thousands digit of 3156897?
1
What is the units digit of 2748040?
0
What is the ten thousands digit of 84314?
8
What is the hundred thousands digit of 1752926?
7
What is the ten thousands digit of 3327427?
2
What is the ten thousands digit of 214643?
1
What is the units digit of 18479425?
5
What is the ten thousands digit of 12155183?
5
What is the units digit of 1222934?
4
What is the hundreds digit of 264162?
1
What is the millions digit of 1737824?
1
What is the units digit of 3782111?
1
What is the hundreds digit of 3890238?
2
What is the ten thousands digit of 789024?
8
What is the ten thousands digit of 4876355?
7
What is the tens digit of 21115812?
1
What is the hundred thousands digit of 9336580?
3
What is the ten thousands digit of 87295?
8
What is the hundreds digit of 683598?
5
What is the units digit of 15642869?
9
What is the ten millions digit of 18774060?
1
What is the tens digit of 846347?
4
What is the thousands digit of 13312000?
2
What is the hundred thousands digit of 14785834?
7
What is the hundred thousands digit of 280104?
2
What is the units digit of 1871695?
5
What is the tens digit of 741590?
9
What is the ten thousands digit of 14351177?
5
What is the thousands digit of 5530?
5
What is the tens digit of 5972633?
3
What is the units digit of 170494?
4
What is the ten thousands digit of 905210?
0
What is the tho